{"id":3211,"date":"2024-10-14T19:07:47","date_gmt":"2024-10-14T16:07:47","guid":{"rendered":"https:\/\/festival2024.rixc.org\/?page_id=3211"},"modified":"2024-10-22T08:09:33","modified_gmt":"2024-10-22T05:09:33","slug":"emap-capacity-building-workshop","status":"publish","type":"page","link":"https:\/\/festival2024.rixc.org\/?page_id=3211","title":{"rendered":"AI for Artists (EMAP Capacity Building Workshop)"},"content":{"rendered":"\n<p><strong>Friday, October 25, 2024<\/strong><\/p>\n\n\n\n<p><strong>12.10-13.40 (Part 1)<\/strong><br><strong>14.40-16.10 (Part 2)<\/strong><\/p>\n\n\n\n<p>Led by <strong>Rosemary LEE<\/strong><br>Respondent<strong> L\u012bga V\u0112LI\u0145A<\/strong><\/p>\n\n\n\n<p><strong>Participants are requested to apply: <a href=\"https:\/\/forms.gle\/auskzH8n5fzJZR3H7\">https:\/\/forms.gle\/auskzH8n5fzJZR3H7<\/a><\/strong><\/p>\n\n\n\n<p>In this workshop, Rosemary Lee will do a deep dive into her book Algorithm, Image, Art, expanding from her keynote at the start of the festival. It will situate current artistic practice with AI in relation to the historical context behind algorithmic visual media. This includes looking at how emerging cultural practices with technology have been shaped by earlier methods of applying algorithms to the production of images. We will look at the implications of formulating images algorithmically, from instructional methods to the embedding of geometric and optical relations into flat images, to the questioning of authorship brought about by the advent of photography and relationships between human vision and the highly automated forms of image-making performed by machines. Elaborating on this through participatory exercises, workshop participants will work together to reflect on what role emerging technologies play in their own practice.<\/p>\n\n\n\n<figure class=\"wp-block-image size-large\"><img loading=\"lazy\" decoding=\"async\" width=\"1024\" height=\"1024\" src=\"https:\/\/festival2024.rixc.org\/wp-content\/uploads\/2024\/10\/EMAP-iekslapai-RosemaryLee-wshop-1024x1024.jpg\" alt=\"\" class=\"wp-image-3197\" srcset=\"https:\/\/festival2024.rixc.org\/wp-content\/uploads\/2024\/10\/EMAP-iekslapai-RosemaryLee-wshop-1024x1024.jpg 1024w, https:\/\/festival2024.rixc.org\/wp-content\/uploads\/2024\/10\/EMAP-iekslapai-RosemaryLee-wshop-300x300.jpg 300w, https:\/\/festival2024.rixc.org\/wp-content\/uploads\/2024\/10\/EMAP-iekslapai-RosemaryLee-wshop-150x150.jpg 150w, https:\/\/festival2024.rixc.org\/wp-content\/uploads\/2024\/10\/EMAP-iekslapai-RosemaryLee-wshop-768x768.jpg 768w, https:\/\/festival2024.rixc.org\/wp-content\/uploads\/2024\/10\/EMAP-iekslapai-RosemaryLee-wshop-1536x1536.jpg 1536w, https:\/\/festival2024.rixc.org\/wp-content\/uploads\/2024\/10\/EMAP-iekslapai-RosemaryLee-wshop-2048x2048.jpg 2048w, https:\/\/festival2024.rixc.org\/wp-content\/uploads\/2024\/10\/EMAP-iekslapai-RosemaryLee-wshop-294x294.jpg 294w\" sizes=\"auto, (max-width: 1024px) 100vw, 1024px\" \/><\/figure>\n\n\n\n<p><\/p>\n\n\n\n<p><\/p>\n","protected":false},"excerpt":{"rendered":"<p>Friday, October 25, 2024 12.10-13.40 (Part 1)14.40-16.10 (Part 2) Led by Rosemary LEERespondent L\u012bga V\u0112LI\u0145A Participants are requested to apply: https:\/\/forms.gle\/auskzH8n5fzJZR3H7 In this workshop, Rosemary Lee will do a deep dive into her book Algorithm, Image, Art, expanding from her keynote at the start of the festival. It will situate current artistic practice with AI [&hellip;]<\/p>\n","protected":false},"author":3,"featured_media":0,"parent":0,"menu_order":0,"comment_status":"closed","ping_status":"closed","template":"","meta":{"_acf_changed":false,"footnotes":""},"class_list":["post-3211","page","type-page","status-publish","hentry"],"acf":[],"_links":{"self":[{"href":"https:\/\/festival2024.rixc.org\/index.php?rest_route=\/wp\/v2\/pages\/3211","targetHints":{"allow":["GET"]}}],"collection":[{"href":"https:\/\/festival2024.rixc.org\/index.php?rest_route=\/wp\/v2\/pages"}],"about":[{"href":"https:\/\/festival2024.rixc.org\/index.php?rest_route=\/wp\/v2\/types\/page"}],"author":[{"embeddable":true,"href":"https:\/\/festival2024.rixc.org\/index.php?rest_route=\/wp\/v2\/users\/3"}],"replies":[{"embeddable":true,"href":"https:\/\/festival2024.rixc.org\/index.php?rest_route=%2Fwp%2Fv2%2Fcomments&post=3211"}],"version-history":[{"count":3,"href":"https:\/\/festival2024.rixc.org\/index.php?rest_route=\/wp\/v2\/pages\/3211\/revisions"}],"predecessor-version":[{"id":3259,"href":"https:\/\/festival2024.rixc.org\/index.php?rest_route=\/wp\/v2\/pages\/3211\/revisions\/3259"}],"wp:attachment":[{"href":"https:\/\/festival2024.rixc.org\/index.php?rest_route=%2Fwp%2Fv2%2Fmedia&parent=3211"}],"curies":[{"name":"wp","href":"https:\/\/api.w.org\/{rel}","templated":true}]}}