{"id":3200,"date":"2024-10-14T18:45:14","date_gmt":"2024-10-14T15:45:14","guid":{"rendered":"https:\/\/festival2024.rixc.org\/?page_id=3200"},"modified":"2024-10-14T18:49:37","modified_gmt":"2024-10-14T15:49:37","slug":"eric-kluitenberg-keynote","status":"publish","type":"page","link":"https:\/\/festival2024.rixc.org\/?page_id=3200","title":{"rendered":"Eric Kluitenberg (keynote)"},"content":{"rendered":"\n<p><strong>Wednesday, October 23, 2024<\/strong><br><strong>16.00\u201317.30 <\/strong>(EEST) <strong>Opening Keynotes<\/strong><\/p>\n\n\n\n<p><strong>Eric KLUITENBERG. ReGenerate. Designing the Grand Zo\u00f6peration<\/strong><\/p>\n\n\n\n<p>In 2022 a new \u2018institutional design\u2019 was proposed for how human and nonhuman life can work together in a structured process. In April of that year Nieuwe Instituut, the museum for architecture, design and digital culture became the world\u2019s first Zo\u00f6p. As formulated by researcher and curator Klaas Kuitenbrouwer the Zo\u00f6p is an organisation model for cooperation between human and nonhuman life that safeguards the interests of all zo\u00eb (Greek for &#8216;life&#8217;). The Zo\u00f6p model makes the interests of nonhuman life part of organisational decision making.<\/p>\n\n\n\n<p>So far five Zo\u00f6ps exist and independent support structures have been set up to propagate the model further, with several new organisations lining up to also become Zo\u00f6ps. While the model originates from the creative disciplines (art &amp; design) it leaves the question open exactly how \u2018we\u2019 as creative makers, artists, designers, architects, theorists, curators, can and should engage with the design of this great cooperation of all forms of life?<\/p>\n\n\n\n<p>Central within the thinking about this \u2018grand zo\u00f6peration\u2019 is the idea of new forms of ecological regenerative practices and a nascent regenerative culture \u2013 a way of operating in all domains that not only does \u2018less harm\u2019, but that directly contributes to improving the ecological conditions and the ecological integrity of a particular site or process: From Net-Zero to Net-Positive.<\/p>\n\n\n\n<p>To create a forum and testing ground for the new creative practices that engage with this nascent regenerative culture we have launched a proposal for a new festival for ecological art &amp; design and regenerative culture, focused specifically on the Green Heart region \u2013 a green mostly rural core surrounded by the urban agglomerations of the \u2018Randstad\u2019 (Amsterdam, Utrecht, Rotterdam, The Hague, Leiden).&nbsp;<\/p>\n\n\n\n<p>The festival will be conceived from the start as a Zo\u00f6p. It is already growing its fine-meshed linkages with the local makers, civic initiatives, agricultural and ecological initiatives and organisations, and a manifold of other-than-human actors in the region. The aim is simple: To find out how regenerative creative processes can be put into practice.<\/p>\n\n\n\n<figure class=\"wp-block-image size-large\"><img loading=\"lazy\" decoding=\"async\" width=\"1024\" height=\"608\" src=\"https:\/\/festival2024.rixc.org\/wp-content\/uploads\/2024\/10\/Eric-Kluitenberg-iekslapai-1024x608.jpg\" alt=\"\" class=\"wp-image-3190\" srcset=\"https:\/\/festival2024.rixc.org\/wp-content\/uploads\/2024\/10\/Eric-Kluitenberg-iekslapai-1024x608.jpg 1024w, https:\/\/festival2024.rixc.org\/wp-content\/uploads\/2024\/10\/Eric-Kluitenberg-iekslapai-300x178.jpg 300w, https:\/\/festival2024.rixc.org\/wp-content\/uploads\/2024\/10\/Eric-Kluitenberg-iekslapai-768x456.jpg 768w, https:\/\/festival2024.rixc.org\/wp-content\/uploads\/2024\/10\/Eric-Kluitenberg-iekslapai-1536x912.jpg 1536w, https:\/\/festival2024.rixc.org\/wp-content\/uploads\/2024\/10\/Eric-Kluitenberg-iekslapai-2048x1217.jpg 2048w\" sizes=\"auto, (max-width: 1024px) 100vw, 1024px\" \/><\/figure>\n\n\n\n<p><strong>Eric Kluitenberg<\/strong> is a theorist, writer, curator, and educator working at the intersection of art, culture, ecology, and technology:<\/p>\n\n\n\n<p>My professional background was since my student years heavily geared towards the relationship of the creative disciplines with the then emerging digital electronic media (1987-1994) and the subsequent opening up of the internet to the general audience (1994-now).&nbsp;<\/p>\n\n\n\n<p>Since 2010 my interest has shifted more towards engaging with the growing urgency of the degrading ecological conditions that affect many forms of life on this planet, including human life. In the 2010 festival ElectroSmog we investigated the crisis of hyper-mobility in a festival where no one was allowed to travel. Yet, what is then the ecological footprint of the (net based) connections between our local sites, spread in this case over 20 time zones? And how do technology and ecology interrelate as inescapable spheres of life? This was the question in the TechnoEcologies project with RIXC in Riga in 2011\/12.<\/p>\n\n\n\n<p>More recently I have become involved in the design and creation of new ways of co-operation between all life forms, human and non-human, in a \u2018human-inclusive ecology\u2019, among others through the new organisational model of Zo\u00f6ps (co-operations of all zo\u00eb) developed by researcher and curator Klaas Kuitenbrouwer. This resulted in the Zo\u00f6p DataFusion Art\/Science research project with Nieuwe Instituut (Rotterdam, 2022), where the Zo\u00f6p model originated from. Currently I am developing a new festival for ecological art &amp; design and regenerative cultures focussed specifically on the mostly rural Green Heart region in The Netherlands.<\/p>\n","protected":false},"excerpt":{"rendered":"<p>Wednesday, October 23, 202416.00\u201317.30 (EEST) Opening Keynotes Eric KLUITENBERG. ReGenerate. Designing the Grand Zo\u00f6peration In 2022 a new \u2018institutional design\u2019 was proposed for how human and nonhuman life can work together in a structured process. In April of that year Nieuwe Instituut, the museum for architecture, design and digital culture became the world\u2019s first Zo\u00f6p. [&hellip;]<\/p>\n","protected":false},"author":3,"featured_media":0,"parent":0,"menu_order":0,"comment_status":"closed","ping_status":"closed","template":"","meta":{"_acf_changed":false,"footnotes":""},"class_list":["post-3200","page","type-page","status-publish","hentry"],"acf":[],"_links":{"self":[{"href":"https:\/\/festival2024.rixc.org\/index.php?rest_route=\/wp\/v2\/pages\/3200","targetHints":{"allow":["GET"]}}],"collection":[{"href":"https:\/\/festival2024.rixc.org\/index.php?rest_route=\/wp\/v2\/pages"}],"about":[{"href":"https:\/\/festival2024.rixc.org\/index.php?rest_route=\/wp\/v2\/types\/page"}],"author":[{"embeddable":true,"href":"https:\/\/festival2024.rixc.org\/index.php?rest_route=\/wp\/v2\/users\/3"}],"replies":[{"embeddable":true,"href":"https:\/\/festival2024.rixc.org\/index.php?rest_route=%2Fwp%2Fv2%2Fcomments&post=3200"}],"version-history":[{"count":1,"href":"https:\/\/festival2024.rixc.org\/index.php?rest_route=\/wp\/v2\/pages\/3200\/revisions"}],"predecessor-version":[{"id":3201,"href":"https:\/\/festival2024.rixc.org\/index.php?rest_route=\/wp\/v2\/pages\/3200\/revisions\/3201"}],"wp:attachment":[{"href":"https:\/\/festival2024.rixc.org\/index.php?rest_route=%2Fwp%2Fv2%2Fmedia&parent=3200"}],"curies":[{"name":"wp","href":"https:\/\/api.w.org\/{rel}","templated":true}]}}