{"id":2987,"date":"2024-09-11T15:37:19","date_gmt":"2024-09-11T12:37:19","guid":{"rendered":"https:\/\/festival2024.rixc.org\/?page_id=2987"},"modified":"2024-12-16T00:12:55","modified_gmt":"2024-12-15T21:12:55","slug":"sabine-sne","status":"publish","type":"page","link":"https:\/\/festival2024.rixc.org\/?page_id=2987","title":{"rendered":"Sab\u012bne \u0160n\u0113"},"content":{"rendered":"\n<p><strong>Sab\u012bne \u0160n\u0113 (LV)<\/strong><strong><br><\/strong><strong>We Belong to Them<\/strong><strong><br><\/strong><em>Mixed-media installation. Six prints of digital drawings (honeycomb, 29.7 x 42 cm), five 3D printed objects (PLA plastic, various sizes), 2024<\/em><\/p>\n\n\n\n<figure class=\"wp-block-image size-large\"><img loading=\"lazy\" decoding=\"async\" width=\"1024\" height=\"684\" src=\"https:\/\/festival2024.rixc.org\/wp-content\/uploads\/2024\/12\/54132208976_6e2e63faec_k-1024x684.jpg\" alt=\"\" class=\"wp-image-3583\" srcset=\"https:\/\/festival2024.rixc.org\/wp-content\/uploads\/2024\/12\/54132208976_6e2e63faec_k-1024x684.jpg 1024w, https:\/\/festival2024.rixc.org\/wp-content\/uploads\/2024\/12\/54132208976_6e2e63faec_k-300x200.jpg 300w, https:\/\/festival2024.rixc.org\/wp-content\/uploads\/2024\/12\/54132208976_6e2e63faec_k-768x513.jpg 768w, https:\/\/festival2024.rixc.org\/wp-content\/uploads\/2024\/12\/54132208976_6e2e63faec_k-1536x1025.jpg 1536w, https:\/\/festival2024.rixc.org\/wp-content\/uploads\/2024\/12\/54132208976_6e2e63faec_k.jpg 2048w\" sizes=\"auto, (max-width: 1024px) 100vw, 1024px\" \/><figcaption class=\"wp-element-caption\"><em>Sab\u012bne \u0160n\u0113. We Belong to Them, 2024. Symbiotic Sense(s) exhibition, Riga, 2024. Photo: Lelde G\u016btmane<\/em><\/figcaption><\/figure>\n\n\n\n<p>Trees are one of the shapers of our world, making diverse landscapes possible. With their deeply rooted collective generosity, they not only take care of one another but also create weather, build the atmosphere, heal, and shelter more creatures than people can count.&nbsp;<br>The work focuses on six interconnected scenarios caused by the global climate crisis that impact trees: soil pollution, air pollution, rising temperatures and drought, loss of biodiversity, pest and disease proliferation, and shifts in growing seasons.&nbsp;<br>3D scans of trees taken in rural areas in the western part of Latvia are combined with speculative environments created using worldbuilding methods. The texts were written while wandering through forests, thinking on how to translate more-than-human voices for humans and contemplating the fact that without healthy forests, there is no future for us.<br><br><strong>Sab\u012bne \u0160n\u0113<\/strong> explores the intersections between culture and nature, with a particular interest in the relationships between humans and more-than-human beings. By weaving together scientific research, contemporary theories, and fiction, she creates worlds that highlight entanglements in ecosystems and multi-species intelligence. \u0160n\u0113 holds an MFA from the Art Academy of Latvia, has exhibited internationally with works shown in exhibition spaces across Europe and the UK, and has participated in artist residencies in Latvia and London.<\/p>\n\n\n\n<figure class=\"wp-block-image size-large\"><img loading=\"lazy\" decoding=\"async\" width=\"1024\" height=\"683\" src=\"https:\/\/festival2024.rixc.org\/wp-content\/uploads\/2024\/12\/54099748554_326a199b01_k-1024x683.jpg\" alt=\"\" class=\"wp-image-3585\" srcset=\"https:\/\/festival2024.rixc.org\/wp-content\/uploads\/2024\/12\/54099748554_326a199b01_k-1024x683.jpg 1024w, https:\/\/festival2024.rixc.org\/wp-content\/uploads\/2024\/12\/54099748554_326a199b01_k-300x200.jpg 300w, https:\/\/festival2024.rixc.org\/wp-content\/uploads\/2024\/12\/54099748554_326a199b01_k-768x512.jpg 768w, https:\/\/festival2024.rixc.org\/wp-content\/uploads\/2024\/12\/54099748554_326a199b01_k-1536x1024.jpg 1536w, https:\/\/festival2024.rixc.org\/wp-content\/uploads\/2024\/12\/54099748554_326a199b01_k.jpg 2048w\" sizes=\"auto, (max-width: 1024px) 100vw, 1024px\" \/><figcaption class=\"wp-element-caption\"><em>Sab\u012bne \u0160n\u0113. We Belong to Them, 2024. Symbiotic Sense(s) exhibition, Riga, 2024. Photo: Krist\u012bne Madjare<\/em><\/figcaption><\/figure>\n\n\n\n<p><strong>Sab\u012bne \u0160n\u0113 (LV)<br>M\u0113s piederam vi\u0146iem<\/strong><br><em>2024<\/em><\/p>\n\n\n\n<p>Koki ir vieni no m\u016bsu pasaules veidot\u0101jiem, kuri padara da\u017e\u0101das ainavas iesp\u0113jamas. Ar sev piem\u012bto\u0161o dzi\u013ci iesak\u0146oju\u0161os kolekt\u012bvo d\u0101snumu tie ne tikai r\u016bp\u0113jas viens par otru, bet ar\u012b veido laika apst\u0101k\u013cus un atmosf\u0113ru, dzied\u0113 un sniedz patv\u0113rumu vair\u0101k rad\u012bb\u0101m k\u0101 cilv\u0113ki var saskait\u012bt.<br>Darbs koncentr\u0113jas uz se\u0161iem savstarp\u0113ji saist\u012btiem scen\u0101rijiem, ko izraisa glob\u0101l\u0101 klimata kr\u012bze un kas ietekm\u0113 kokus: augsnes pies\u0101r\u0146ojums, gaisa pies\u0101r\u0146ojums, temperat\u016bras paaugstin\u0101\u0161an\u0101s un sausums, biolo\u0123isk\u0101s daudzveid\u012bbas zudums, kait\u0113k\u013cu un slim\u012bbu izplat\u012b\u0161an\u0101s un izmai\u0146as aug\u0161anas sezon\u0101s.<br>Koku 3D sken\u0113jumi, kas tika veikti lauku apvid\u016b Latvijas rietumu da\u013c\u0101, ir apvienoti ar spekulat\u012bv\u0101m vid\u0113m, kas veidotas, izmantojot pasaules b\u016bv\u0113\u0161anas metodes. Teksti tika rakst\u012bti, kl\u012bstot pa me\u017eiem un apsverot, k\u0101 iztulkot da\u017e\u0101du b\u016bt\u0146u un organismu balsis cilv\u0113kam, k\u0101 ar\u012b apcerot faktu, ka bez veseliem me\u017eiem cilv\u0113kam nav n\u0101kotnes.<\/p>\n\n\n\n<figure class=\"wp-block-image size-large\"><img loading=\"lazy\" decoding=\"async\" width=\"1024\" height=\"684\" src=\"https:\/\/festival2024.rixc.org\/wp-content\/uploads\/2024\/12\/54132209451_e7c98e2eec_k-1024x684.jpg\" alt=\"\" class=\"wp-image-3586\" srcset=\"https:\/\/festival2024.rixc.org\/wp-content\/uploads\/2024\/12\/54132209451_e7c98e2eec_k-1024x684.jpg 1024w, https:\/\/festival2024.rixc.org\/wp-content\/uploads\/2024\/12\/54132209451_e7c98e2eec_k-300x200.jpg 300w, https:\/\/festival2024.rixc.org\/wp-content\/uploads\/2024\/12\/54132209451_e7c98e2eec_k-768x513.jpg 768w, https:\/\/festival2024.rixc.org\/wp-content\/uploads\/2024\/12\/54132209451_e7c98e2eec_k-1536x1025.jpg 1536w, https:\/\/festival2024.rixc.org\/wp-content\/uploads\/2024\/12\/54132209451_e7c98e2eec_k.jpg 2048w\" sizes=\"auto, (max-width: 1024px) 100vw, 1024px\" \/><\/figure>\n\n\n\n<figure class=\"wp-block-image size-large\"><img loading=\"lazy\" decoding=\"async\" width=\"1024\" height=\"684\" src=\"https:\/\/festival2024.rixc.org\/wp-content\/uploads\/2024\/12\/54131370257_33c746ccc2_k-1024x684.jpg\" alt=\"\" class=\"wp-image-3587\" srcset=\"https:\/\/festival2024.rixc.org\/wp-content\/uploads\/2024\/12\/54131370257_33c746ccc2_k-1024x684.jpg 1024w, https:\/\/festival2024.rixc.org\/wp-content\/uploads\/2024\/12\/54131370257_33c746ccc2_k-300x200.jpg 300w, https:\/\/festival2024.rixc.org\/wp-content\/uploads\/2024\/12\/54131370257_33c746ccc2_k-768x513.jpg 768w, https:\/\/festival2024.rixc.org\/wp-content\/uploads\/2024\/12\/54131370257_33c746ccc2_k-1536x1025.jpg 1536w, https:\/\/festival2024.rixc.org\/wp-content\/uploads\/2024\/12\/54131370257_33c746ccc2_k.jpg 2048w\" sizes=\"auto, (max-width: 1024px) 100vw, 1024px\" \/><figcaption class=\"wp-element-caption\"><em>Sab\u012bne \u0160n\u0113. We Belong to Them, 2024. Symbiotic Sense(s) exhibition, Riga, 2024. Photos: Lelde G\u016btmane<\/em><\/figcaption><\/figure>\n\n\n\n<figure class=\"wp-block-image size-large\"><img loading=\"lazy\" decoding=\"async\" width=\"1024\" height=\"684\" src=\"https:\/\/festival2024.rixc.org\/wp-content\/uploads\/2024\/09\/Sabine-Sne-1_m-1024x684.jpg\" alt=\"\" class=\"wp-image-3104\" srcset=\"https:\/\/festival2024.rixc.org\/wp-content\/uploads\/2024\/09\/Sabine-Sne-1_m-1024x684.jpg 1024w, https:\/\/festival2024.rixc.org\/wp-content\/uploads\/2024\/09\/Sabine-Sne-1_m-300x200.jpg 300w, https:\/\/festival2024.rixc.org\/wp-content\/uploads\/2024\/09\/Sabine-Sne-1_m-768x513.jpg 768w, https:\/\/festival2024.rixc.org\/wp-content\/uploads\/2024\/09\/Sabine-Sne-1_m-1536x1025.jpg 1536w, https:\/\/festival2024.rixc.org\/wp-content\/uploads\/2024\/09\/Sabine-Sne-1_m.jpg 1600w\" sizes=\"auto, (max-width: 1024px) 100vw, 1024px\" \/><figcaption class=\"wp-element-caption\"><mark style=\"background-color:rgba(0, 0, 0, 0)\" class=\"has-inline-color has-cyan-bluish-gray-color\">Fragment of the work, screenshot, 2024. Courtesy of the artist.<\/mark><\/figcaption><\/figure>\n\n\n\n<figure class=\"wp-block-image size-large\"><img loading=\"lazy\" decoding=\"async\" width=\"1024\" height=\"684\" src=\"https:\/\/festival2024.rixc.org\/wp-content\/uploads\/2024\/09\/Sabine-Sne-2_m-1024x684.jpg\" alt=\"\" class=\"wp-image-3103\" srcset=\"https:\/\/festival2024.rixc.org\/wp-content\/uploads\/2024\/09\/Sabine-Sne-2_m-1024x684.jpg 1024w, https:\/\/festival2024.rixc.org\/wp-content\/uploads\/2024\/09\/Sabine-Sne-2_m-300x200.jpg 300w, https:\/\/festival2024.rixc.org\/wp-content\/uploads\/2024\/09\/Sabine-Sne-2_m-768x513.jpg 768w, https:\/\/festival2024.rixc.org\/wp-content\/uploads\/2024\/09\/Sabine-Sne-2_m-1536x1025.jpg 1536w, https:\/\/festival2024.rixc.org\/wp-content\/uploads\/2024\/09\/Sabine-Sne-2_m.jpg 1600w\" sizes=\"auto, (max-width: 1024px) 100vw, 1024px\" \/><figcaption class=\"wp-element-caption\"><mark style=\"background-color:rgba(0, 0, 0, 0)\" class=\"has-inline-color has-cyan-bluish-gray-color\">Fragment of the work, screenshot, 2024. Courtesy of the artist.<\/mark><\/figcaption><\/figure>\n\n\n\n<p><\/p>\n","protected":false},"excerpt":{"rendered":"<p>Sab\u012bne \u0160n\u0113 (LV)We Belong to ThemMixed-media installation. Six prints of digital drawings (honeycomb, 29.7 x 42 cm), five 3D printed objects (PLA plastic, various sizes), 2024 Trees are one of the shapers of our world, making diverse landscapes possible. With their deeply rooted collective generosity, they not only take care of one another but also [&hellip;]<\/p>\n","protected":false},"author":3,"featured_media":0,"parent":0,"menu_order":0,"comment_status":"closed","ping_status":"closed","template":"","meta":{"_acf_changed":false,"footnotes":""},"class_list":["post-2987","page","type-page","status-publish","hentry"],"acf":[],"_links":{"self":[{"href":"https:\/\/festival2024.rixc.org\/index.php?rest_route=\/wp\/v2\/pages\/2987","targetHints":{"allow":["GET"]}}],"collection":[{"href":"https:\/\/festival2024.rixc.org\/index.php?rest_route=\/wp\/v2\/pages"}],"about":[{"href":"https:\/\/festival2024.rixc.org\/index.php?rest_route=\/wp\/v2\/types\/page"}],"author":[{"embeddable":true,"href":"https:\/\/festival2024.rixc.org\/index.php?rest_route=\/wp\/v2\/users\/3"}],"replies":[{"embeddable":true,"href":"https:\/\/festival2024.rixc.org\/index.php?rest_route=%2Fwp%2Fv2%2Fcomments&post=2987"}],"version-history":[{"count":8,"href":"https:\/\/festival2024.rixc.org\/index.php?rest_route=\/wp\/v2\/pages\/2987\/revisions"}],"predecessor-version":[{"id":3588,"href":"https:\/\/festival2024.rixc.org\/index.php?rest_route=\/wp\/v2\/pages\/2987\/revisions\/3588"}],"wp:attachment":[{"href":"https:\/\/festival2024.rixc.org\/index.php?rest_route=%2Fwp%2Fv2%2Fmedia&parent=2987"}],"curies":[{"name":"wp","href":"https:\/\/api.w.org\/{rel}","templated":true}]}}

Sabīne Šnē

<p><strong>Sabīne Šnē (LV)</strong><strong><br></strong><strong>We Belong to Them</strong><strong><br></strong><em>Mixed-media installation. Six prints of digital drawings (honeycomb, 29.7 x 42 cm), five 3D printed objects (PLA plastic, various sizes), 2024</em></p>



<figure class="wp-block-image size-large"><img loading="lazy" decoding="async" width="1024" height="684" src="https://festival2024.rixc.org/wp-content/uploads/2024/12/54132208976_6e2e63faec_k-1024x684.jpg" alt="" class="wp-image-3583" srcset="https://festival2024.rixc.org/wp-content/uploads/2024/12/54132208976_6e2e63faec_k-1024x684.jpg 1024w, https://festival2024.rixc.org/wp-content/uploads/2024/12/54132208976_6e2e63faec_k-300x200.jpg 300w, https://festival2024.rixc.org/wp-content/uploads/2024/12/54132208976_6e2e63faec_k-768x513.jpg 768w, https://festival2024.rixc.org/wp-content/uploads/2024/12/54132208976_6e2e63faec_k-1536x1025.jpg 1536w, https://festival2024.rixc.org/wp-content/uploads/2024/12/54132208976_6e2e63faec_k.jpg 2048w" sizes="auto, (max-width: 1024px) 100vw, 1024px" /><figcaption class="wp-element-caption"><em>Sabīne Šnē. We Belong to Them, 2024. Symbiotic Sense(s) exhibition, Riga, 2024. Photo: Lelde Gūtmane</em></figcaption></figure>



<p>Trees are one of the shapers of our world, making diverse landscapes possible. With their deeply rooted collective generosity, they not only take care of one another but also create weather, build the atmosphere, heal, and shelter more creatures than people can count.&nbsp;<br>The work focuses on six interconnected scenarios caused by the global climate crisis that impact trees: soil pollution, air pollution, rising temperatures and drought, loss of biodiversity, pest and disease proliferation, and shifts in growing seasons.&nbsp;<br>3D scans of trees taken in rural areas in the western part of Latvia are combined with speculative environments created using worldbuilding methods. The texts were written while wandering through forests, thinking on how to translate more-than-human voices for humans and contemplating the fact that without healthy forests, there is no future for us.<br><br><strong>Sabīne Šnē</strong> explores the intersections between culture and nature, with a particular interest in the relationships between humans and more-than-human beings. By weaving together scientific research, contemporary theories, and fiction, she creates worlds that highlight entanglements in ecosystems and multi-species intelligence. Šnē holds an MFA from the Art Academy of Latvia, has exhibited internationally with works shown in exhibition spaces across Europe and the UK, and has participated in artist residencies in Latvia and London.</p>



<figure class="wp-block-image size-large"><img loading="lazy" decoding="async" width="1024" height="683" src="https://festival2024.rixc.org/wp-content/uploads/2024/12/54099748554_326a199b01_k-1024x683.jpg" alt="" class="wp-image-3585" srcset="https://festival2024.rixc.org/wp-content/uploads/2024/12/54099748554_326a199b01_k-1024x683.jpg 1024w, https://festival2024.rixc.org/wp-content/uploads/2024/12/54099748554_326a199b01_k-300x200.jpg 300w, https://festival2024.rixc.org/wp-content/uploads/2024/12/54099748554_326a199b01_k-768x512.jpg 768w, https://festival2024.rixc.org/wp-content/uploads/2024/12/54099748554_326a199b01_k-1536x1024.jpg 1536w, https://festival2024.rixc.org/wp-content/uploads/2024/12/54099748554_326a199b01_k.jpg 2048w" sizes="auto, (max-width: 1024px) 100vw, 1024px" /><figcaption class="wp-element-caption"><em>Sabīne Šnē. We Belong to Them, 2024. Symbiotic Sense(s) exhibition, Riga, 2024. Photo: Kristīne Madjare</em></figcaption></figure>



<p><strong>Sabīne Šnē (LV)<br>Mēs piederam viņiem</strong><br><em>2024</em></p>



<p>Koki ir vieni no mūsu pasaules veidotājiem, kuri padara dažādas ainavas iespējamas. Ar sev piemītošo dziļi iesakņojušos kolektīvo dāsnumu tie ne tikai rūpējas viens par otru, bet arī veido laika apstākļus un atmosfēru, dziedē un sniedz patvērumu vairāk radībām kā cilvēki var saskaitīt.<br>Darbs koncentrējas uz sešiem savstarpēji saistītiem scenārijiem, ko izraisa globālā klimata krīze un kas ietekmē kokus: augsnes piesārņojums, gaisa piesārņojums, temperatūras paaugstināšanās un sausums, bioloģiskās daudzveidības zudums, kaitēkļu un slimību izplatīšanās un izmaiņas augšanas sezonās.<br>Koku 3D skenējumi, kas tika veikti lauku apvidū Latvijas rietumu daļā, ir apvienoti ar spekulatīvām vidēm, kas veidotas, izmantojot pasaules būvēšanas metodes. Teksti tika rakstīti, klīstot pa mežiem un apsverot, kā iztulkot dažādu būtņu un organismu balsis cilvēkam, kā arī apcerot faktu, ka bez veseliem mežiem cilvēkam nav nākotnes.</p>



<figure class="wp-block-image size-large"><img loading="lazy" decoding="async" width="1024" height="684" src="https://festival2024.rixc.org/wp-content/uploads/2024/12/54132209451_e7c98e2eec_k-1024x684.jpg" alt="" class="wp-image-3586" srcset="https://festival2024.rixc.org/wp-content/uploads/2024/12/54132209451_e7c98e2eec_k-1024x684.jpg 1024w, https://festival2024.rixc.org/wp-content/uploads/2024/12/54132209451_e7c98e2eec_k-300x200.jpg 300w, https://festival2024.rixc.org/wp-content/uploads/2024/12/54132209451_e7c98e2eec_k-768x513.jpg 768w, https://festival2024.rixc.org/wp-content/uploads/2024/12/54132209451_e7c98e2eec_k-1536x1025.jpg 1536w, https://festival2024.rixc.org/wp-content/uploads/2024/12/54132209451_e7c98e2eec_k.jpg 2048w" sizes="auto, (max-width: 1024px) 100vw, 1024px" /></figure>



<figure class="wp-block-image size-large"><img loading="lazy" decoding="async" width="1024" height="684" src="https://festival2024.rixc.org/wp-content/uploads/2024/12/54131370257_33c746ccc2_k-1024x684.jpg" alt="" class="wp-image-3587" srcset="https://festival2024.rixc.org/wp-content/uploads/2024/12/54131370257_33c746ccc2_k-1024x684.jpg 1024w, https://festival2024.rixc.org/wp-content/uploads/2024/12/54131370257_33c746ccc2_k-300x200.jpg 300w, https://festival2024.rixc.org/wp-content/uploads/2024/12/54131370257_33c746ccc2_k-768x513.jpg 768w, https://festival2024.rixc.org/wp-content/uploads/2024/12/54131370257_33c746ccc2_k-1536x1025.jpg 1536w, https://festival2024.rixc.org/wp-content/uploads/2024/12/54131370257_33c746ccc2_k.jpg 2048w" sizes="auto, (max-width: 1024px) 100vw, 1024px" /><figcaption class="wp-element-caption"><em>Sabīne Šnē. We Belong to Them, 2024. Symbiotic Sense(s) exhibition, Riga, 2024. Photos: Lelde Gūtmane</em></figcaption></figure>



<figure class="wp-block-image size-large"><img loading="lazy" decoding="async" width="1024" height="684" src="https://festival2024.rixc.org/wp-content/uploads/2024/09/Sabine-Sne-1_m-1024x684.jpg" alt="" class="wp-image-3104" srcset="https://festival2024.rixc.org/wp-content/uploads/2024/09/Sabine-Sne-1_m-1024x684.jpg 1024w, https://festival2024.rixc.org/wp-content/uploads/2024/09/Sabine-Sne-1_m-300x200.jpg 300w, https://festival2024.rixc.org/wp-content/uploads/2024/09/Sabine-Sne-1_m-768x513.jpg 768w, https://festival2024.rixc.org/wp-content/uploads/2024/09/Sabine-Sne-1_m-1536x1025.jpg 1536w, https://festival2024.rixc.org/wp-content/uploads/2024/09/Sabine-Sne-1_m.jpg 1600w" sizes="auto, (max-width: 1024px) 100vw, 1024px" /><figcaption class="wp-element-caption"><mark style="background-color:rgba(0, 0, 0, 0)" class="has-inline-color has-cyan-bluish-gray-color">Fragment of the work, screenshot, 2024. Courtesy of the artist.</mark></figcaption></figure>



<figure class="wp-block-image size-large"><img loading="lazy" decoding="async" width="1024" height="684" src="https://festival2024.rixc.org/wp-content/uploads/2024/09/Sabine-Sne-2_m-1024x684.jpg" alt="" class="wp-image-3103" srcset="https://festival2024.rixc.org/wp-content/uploads/2024/09/Sabine-Sne-2_m-1024x684.jpg 1024w, https://festival2024.rixc.org/wp-content/uploads/2024/09/Sabine-Sne-2_m-300x200.jpg 300w, https://festival2024.rixc.org/wp-content/uploads/2024/09/Sabine-Sne-2_m-768x513.jpg 768w, https://festival2024.rixc.org/wp-content/uploads/2024/09/Sabine-Sne-2_m-1536x1025.jpg 1536w, https://festival2024.rixc.org/wp-content/uploads/2024/09/Sabine-Sne-2_m.jpg 1600w" sizes="auto, (max-width: 1024px) 100vw, 1024px" /><figcaption class="wp-element-caption"><mark style="background-color:rgba(0, 0, 0, 0)" class="has-inline-color has-cyan-bluish-gray-color">Fragment of the work, screenshot, 2024. Courtesy of the artist.</mark></figcaption></figure>



<p></p>

<p>Sabīne Šnē (LV)We Belong to ThemMixed-media installation. Six prints of digital drawings (honeycomb, 29.7 x 42 cm), five 3D printed objects (PLA plastic, various sizes), 2024 Trees are one of the shapers of our world, making diverse landscapes possible. With their deeply rooted collective generosity, they not only take care of one another but also [&hellip;]</p>
